{"id":176,"date":"2025-07-04T13:43:04","date_gmt":"2025-07-04T13:43:04","guid":{"rendered":"https:\/\/johanroussely.com\/?page_id=176"},"modified":"2025-09-21T15:59:00","modified_gmt":"2025-09-21T15:59:00","slug":"photos","status":"publish","type":"page","link":"https:\/\/johanroussely.com\/index.php\/photos\/","title":{"rendered":"Photos"},"content":{"rendered":"\n<p>Et\u00e9 2024 &#8211; escapade dans les Pyr\u00e9n\u00e9es.<\/p>\n\n\n\n<p>Et\u00e9 2024, voyage en Norv\u00e8ge pour des jours sans fin.<\/p>\n\n\n\n<p>Atelier des Lumi\u00e8res de Paris &#8211; Janvier 2024<\/p>\n\n\n\n<p><\/p>\n","protected":false},"excerpt":{"rendered":"<p>Et\u00e9 2024 &#8211; escapade dans les Pyr\u00e9n\u00e9es. Et\u00e9 2024, voyage en Norv\u00e8ge pour des jours sans fin. Atelier des Lumi\u00e8res de Paris &#8211; Janvier 2024<\/p>\n","protected":false},"author":1,"featured_media":0,"parent":0,"menu_order":0,"comment_status":"closed","ping_status":"closed","template":"","meta":{"footnotes":""},"class_list":["post-176","page","type-page","status-publish","hentry"],"_links":{"self":[{"href":"https:\/\/johanroussely.com\/index.php\/wp-json\/wp\/v2\/pages\/176","targetHints":{"allow":["GET"]}}],"collection":[{"href":"https:\/\/johanroussely.com\/index.php\/wp-json\/wp\/v2\/pages"}],"about":[{"href":"https:\/\/johanroussely.com\/index.php\/wp-json\/wp\/v2\/types\/page"}],"author":[{"embeddable":true,"href":"https:\/\/johanroussely.com\/index.php\/wp-json\/wp\/v2\/users\/1"}],"replies":[{"embeddable":true,"href":"https:\/\/johanroussely.com\/index.php\/wp-json\/wp\/v2\/comments?post=176"}],"version-history":[{"count":13,"href":"https:\/\/johanroussely.com\/index.php\/wp-json\/wp\/v2\/pages\/176\/revisions"}],"predecessor-version":[{"id":264,"href":"https:\/\/johanroussely.com\/index.php\/wp-json\/wp\/v2\/pages\/176\/revisions\/264"}],"wp:attachment":[{"href":"https:\/\/johanroussely.com\/index.php\/wp-json\/wp\/v2\/media?parent=176"}],"curies":[{"name":"wp","href":"https:\/\/api.w.org\/{rel}","templated":true}]}}